hat is the tens digit of 635?
3
What is the tens digit of 304?
0
What is the tens digit of 12875?
7
What is the ten thousands digit of 212491?
1
What is the thousands digit of 80286?
0
What is the hundreds digit of 8606?
6
What is the thousands digit of 1042?
1
What is the tens digit of 4204?
0
What is the tens digit of 9310?
1
What is the tens digit of 2122?
2
What is the units digit of 2063?
3
What is the hundreds digit of 5159?
1
What is the units digit of 7806?
6
What is the thousands digit of 25979?
5
What is the tens digit of 12361?
6
What is the hundreds digit of 8009?
0
What is the units digit of 1390?
0
What is the units digit of 561?
1
What is the units digit of 2940?
0
What is the tens digit of 11847?
4
What is the units digit of 33918?
8
What is the tens digit of 48?
4
What is the thousands digit of 1292?
1
What is the thousands digit of 41558?
1
What is the tens digit of 304?
0
What is the tens digit of 4398?
9
What is the units digit of 3567?
7
What is the units digit of 26594?
4
What is the thousands digit of 8074?
8
What is the hundreds digit of 8969?
9
What is the hundreds digit of 4284?
2
What is the ten thousands digit of 28988?
2
What is the tens digit of 3910?
1
What is the tens digit of 16793?
9
What is the ten thousands digit of 22968?
2
What is the tens digit of 5032?
3
What is the units digit of 6904?
4
What is the units digit of 9330?
0
What is the units digit of 5354?
4
What is the thousands digit of 15870?
5
What is the units digit of 1781?
1
What is the hundreds digit of 16817?
8
What is the tens digit of 11003?
0
What is the ten thousands digit of 81100?
8
What is the thousands digit of 14042?
4
What is the hundreds digit of 390?
3
What is the thousands digit of 6369?
6
What is the tens digit of 70616?
1
What is the units digit of 29800?
0
What is the hundreds digit of 62920?
9
What is the hundreds digit of 22771?
7
What is the hundreds digit of 1300?
3
What is the tens digit of 1515?
1
What is the ten thousands digit of 71790?
7
What is the units digit of 688?
8
What is the units digit of 2296?
6
What is the tens digit of 86923?
2
What is the tens digit of 26999?
9
What is the units digit of 3028?
8
What is the hundreds digit of 678?
6
What is the units digit of 1495?
5
What is the thousands digit of 16254?
6
What is the units digit of 68553?
3
What is the tens digit of 852?
5
What is the thousands digit of 4352?
4
What is the units digit of 747?
7
What is the hundred thousands digit of 127678?
1
What is the ten thousands digit of 38881?
3
What is the thousands digit of 1753?
1
What is the tens digit of 507?
0
What is the units digit of 1082?
2
What is the ten thousands digit of 13739?
1
What is the hundreds digit of 14831?
8
What is the tens digit of 1426?
2
What is the thousands digit of 2766?
2
What is the thousands digit of 1480?
1
What is the units digit of 73162?
2
What is the thousands digit of 99334?
9
What is the tens digit of 228?
2
What is the hundreds digit of 6342?
3
What is the hundreds digit of 2328?
3
What is the units digit of 1484?
4
What is the hundreds digit of 435?
4
What is the hundreds digit of 4291?
2
What is the tens digit of 4517?
1
What is the hundreds digit of 1087?
0
What is the tens digit of 991?
9
What is the thousands digit of 4703?
4
What is the tens digit of 2709?
0
What is the units digit of 107?
7
What is the tens digit of 3800?
0
What is the units digit of 6956?
6
What is the units digit of 782?
2
What is the thousands digit of 30905?
0
What is the hundreds digit of 301?
3
What is the tens digit of 3161?
6
What is the units digit of 3571?
1
What is the hundreds digit of 835?
8
What is the tens digit of 34621?
2
What is the hundreds digit of 43516?
5
What is the units digit of 358?
8
What is the hundreds digit of 7427?
4
What is the units digit of 295?
5
What is the units digit of 8260?
0
What is the units digit of 13185?
5
What is the units digit of 9339?
9
What is the hundreds digit of 541?
5
What is the units digit of 1076?
6
What is the thousands digit of 3273?
3
What is the units digit of 1296?
6
What is the units digit of 815?
5
What is the units digit of 3971?
1
What is the hundreds digit of 29199?
1
What is the units digit of 5304?
4
What is the hundreds digit of 7640?
6
What is the thousands digit of 9288?
9
What is the hundreds digit of 6992?
9
What is the thousands digit of 29201?
9
What is the units digit of 82?
2
What is the hundreds digit of 692?
6
What is the units digit of 503?
3
What is the units digit of 637?
7
What is the units digit of 83445?
5
What is the units digit of 981?
1
What is the hundreds digit of 2149?
1
What is the thousands digit of 61069?
1
What is the tens digit of 1463?
6
What is the tens digit of 1941?
4
What is the tens digit of 101?
0
What is the ten thousands digit of 25359?
2
What is the thousands digit of 5181?
5
What is the thousands digit of 1633?
1
What is the hundreds digit of 42171?
1
What is the units digit of 16628?
8
What is the thousands digit of 13528?
3
What is the hundreds digit of 11655?
6
What is the tens digit of 3549?
4
What is the tens digit of 846?
4
What is the thousands digit of 58596?
8
What is the units digit of 1869?
9
What is the hundreds digit of 666?
6
What is the hundreds digit of 37906?
9
What is the tens digit of 10834?
3
What is the hundreds digit of 2837?
8
What is the hundreds digit of 45880?
8
What is the hundreds digit of 5743?
7
What is the ten thousands digit of 26240?
2
What is the hundreds digit of 25075?
0
What is the hundreds digit of 628?
6
What is the units digit of 111678?
8
What is the tens digit of 12292?
9
What is the tens digit of 520?
2
What is the units digit of 8576?
6
What is the ten thousands digit of 11588?
1
What is the hundreds digit of 47687?
6
What is the units digit of 59050?
0
What is the units digit of 1831?
1
What is the thousands digit of 23875?
3
What is the ten thousands digit of 97910?
9
What is the units digit of 2835?
5
What is the hundreds digit of 1791?
7
What is the thousands digit of 1062?
1
What is the tens digit of 25187?
8
What is the tens digit of 17922?
2
What is the hundreds digit of 839?
8
What is the hundreds digit of 527?
5
What is the tens digit of 1867?
6
What is the hundreds digit of 7500?
5
What is the thousands digit of 1578?
1
What is the units digit of 2723?
3
What is the thousands digit of 4739?
4
What is the thousands digit of 6708?
6
What is the hundreds digit of 608?
6
What is the units digit of 7880?
0
What is the thousands digit of 1319?
1
What is the ten thousands digit of 27747?
2
What is the ten thousands digit of 52504?
5
What is the hundred thousands digit of 128512?
1
What is the units digit of 82698?
8
What is the thousands digit of 157157?
7
What is the hundreds digit of 2552?
5
What is the hundreds digit of 6831?
8
What is the tens digit of 14653?
5
What is the thousands digit of 2063?
2
What is the tens digit of 19714?
1
What is the thousands digit of 3607?
3
What is the thousands digit of 3034?
3
What is the thousands digit of 13328?
3
What is the ten thousands digit of 13815?
1
What is the hundreds digit of 12285?
2
What is the units digit of 1374?
4
What is the tens digit of 13214?
1
What is the tens digit of 66?
6
What is the tens digit of 41984?
8
What is the hundreds digit of 2179?
1
What is the thousands digit of 1041?
1
What is the thousands digit of 5049?
5
What is the hundreds digit of 5411?
4
What is the thousands digit of 5475?
5
What is the thousands digit of 13269?
3
What is the tens digit of 193?
9
What is the hundreds digit of 52594?
5
What is the tens digit of 11396?
9
What is the tens digit of 86366?
6
What is the tens digit of 813?
1
What is the hundreds digit of 1891?
8
What is the hundreds digit of 1686?
6
What is the tens digit of 763?
6
What is the tens digit of 15388?
8
What is the thousands digit of 5237?
5
What is the tens digit of 6645?
4
What is the tens digit of 45295?
9
What is the thousands digit of 15217?
5
What is the hundreds digit of 1381?
3
What is the thousands digit of 9683?
9
What is the ten thousands digit of 25207?
2
What is the hundreds digit of 112?
1
What is the hundreds digit of 2760?
7
What is the tens digit of 514?
1
What is the thousands digit of 39431?
9
What is the ten thousands di